uppose s + l*t - 1101 = 0, -4312 = -4*s - 0*t + 3*t. Is s prime?
False
Is -1 - (10 - (-9 + 325326 + -5)) composite?
False
Suppose 6*l = l + 10. Suppose 4*k = -l*u + 64368, 3*u - 34046 - 62522 = 2*k. Is (u/(-65))/((-2)/5) a prime number?
False
Let y(n) = -8*n**3 + n + 1. Let h be y(-1). Let j(a) = a**3 - 8*a**2 + a + 1. Let w be j(h). Suppose -4718 = -w*m + 2*m. Is m a composite number?
True
Is (5 + 1*976388/(-8))*-2 prime?
True
Suppose -24 = -2*u + 3*r + 9, 4*u + r - 59 = 0. Let o = u - 10. Suppose 4*d = -d - 3*j + 810, 0 = -2*d + o*j + 293. Is d a composite number?
True
Suppose 4*l - 4 = -2*g, g + 3 = 7*l - 4*l. Suppose 3*k + 2*z - 23829 = g, -4*k + 31761 = 3*z - 4*z. Is k a composite number?
True
Let m(q) = 73*q**3 - 6*q**2 + q. Let y(b) = 72*b**3 - 5*b**2 + b - 1. Let f(u) = -6*m(u) + 7*y(u). Is f(2) prime?
False
Suppose -104*b + 99*b + 1001727 = -2852458. Is b composite?
False
Let m be 24/(-6) + (-2 - -1185). Suppose -5*g + 10 = 0, -1064 = -3*w + 5*g + m. Is w composite?
False
Let m be 2/(-1) - 72/(-1). Suppose 19*i - 5*i - m = 0. Suppose -i*h + 0*h = -8465. Is h prime?
True
Let m = -108570 - -198797. Is m a composite number?
False
Suppose 9*q - 457255 = 355346. Is q a composite number?
False
Suppose 4*x - 64 = 48. Suppose 6*b - x = 10*b. Let r(d) = d**2 + 5*d + 17. Is r(b) a composite number?
False
Suppose 0 = -3*j - s - 4*s + 73593, -2*j = -3*s - 49081. Suppose 10*h - 24527 = 6*h + z, -4*h = -4*z - j. Is h a prime number?
True
Let h = 1082 - 415. Suppose 5*x + h = 4*c - 1902, -x = -5*c + 3227. Let a = c - -741. Is a composite?
True
Let d = -30 - -21. Let z(f) be the first derivative of 4*f**3/3 + 15*f**2/2 + 10*f - 338. Is z(d) composite?
False
Suppose 1330671 - 91703 = 8*c. Is c a composite number?
False
Let b = 86 - 83. Suppose -16485 = -b*c + 7908. Is c a prime number?
False
Let c(t) = -t**3 + 11*t**2 - 22*t - 12. Let s be c(8). Suppose q = 3, 5*q - s*q = -4*b + 14247. Is b prime?
False
Is 5561 + 1 - 10*(-16)/(-32) prime?
True
Suppose p - 2*j + j + 2008 = 0, -4*p + 3*j - 8032 = 0. Let a be p/(-6) - 2/(-6). Suppose a = 3*t + 2*q, -t + 3*q + 441 = 3*t. Is t prime?
False
Suppose -106*j + 80*j + 33607730 = 0. Is j a prime number?
False
Let s(k) = -3*k**3 + 2*k**2 - k + 11. Let j be s(-6). Suppose 6*l - j = -5*l. Is l a composite number?
False
Let q = 49969 - 30968. Is q prime?
True
Suppose 4*d = 5*c + 69, 4*d - 17 = 52*c - 51*c. Let l(j) = 155*j**2 + 65*j - 11. Is l(c) prime?
True
Let f = -40 + 32. Let w be (f/12)/(10/(-75)). Suppose -w = -h, -208 = -3*d - 5*h + 570. Is d composite?
False
Let r(m) = -230*m - 13. Let j(u) = 3*u + 74. Let a be j(-24). Suppose a*b + 7*b + 36 = 0. Is r(b) composite?
False
Suppose -4*q + 723 = -c, 755 = -c + 2*q - 6*q. Let g = 3978 + c. Is g prime?
False
Let r be 0 - (-12 + 10)*6/4. Suppose 5*k = 4*k - r*g - 8, 0 = 3*g + 12. Suppose -k*q = -2224 + 308. Is q a prime number?
True
Suppose 21*i = 68*i - 9790711. Is i composite?
True
Suppose -10*b = 18 - 208. Suppose 0 = b*s - 86083 + 22680. Is s a prime number?
False
Let l = 11 - 6. Let s be (2/(-8))/(l + 41/(-8)). Suppose 174 - 59 = 2*w - k, -3*k = -s*w + 109. Is w a prime number?
True
Suppose 18*g + 4*s + 66928 = 14*g, -2*g = -5*s + 33450. Is ((-4)/8)/(5/g) composite?
True
Let b(d) = 417*d + 175811. Is b(0) a composite number?
False
Is (-1539137)/207*117/(-13) composite?
False
Let b(i) = 20*i + 91*i + 83*i + 11 + 72*i. Let j be b(-6). Is 24/32 + j/(-4) a composite number?
False
Suppose 3*g = -k + 149683, 55*k + 149691 = 56*k + 5*g. Is k a prime number?
False
Let n(q) = q. Let u(i) = i**2 - 3*i - 967. Let v(g) = -5*n(g) - u(g). Let j = -2469 - -2469. Is v(j) a prime number?
True
Suppose -3*b - 813720 = -l - 2903571, 3*l = 2*b - 1393255. Is b a composite number?
True
Is ((-1)/(2/125591))/(244/(-488)) a prime number?
True
Let v be ((-28)/56)/(1/(-126044)). Suppose -21071 = 7*q - v. Is q a prime number?
False
Suppose -13841 = -9*f + 22618. Suppose -7*u + 1458 = -f. Is u a composite number?
False
Let j be (-24)/(-5) - (-2)/10. Suppose 5*w = n - 699, j*n + 0*n = 4*w + 3453. Suppose n = 3*z - 217. Is z a composite number?
True
Let j = 200224 - -653577. Is j composite?
True
Let b = -2367316 - -3334943. Is b prime?
True
Let y = 36166 - -16975. Is y a composite number?
True
Let j be (-4)/(-18) - 152/36. Is (-898)/(-2)*(-3 - j - 0) a prime number?
True
Let a(v) = 29*v - 10*v - 6*v - 7*v + 28. Let h be a(-4). Is ((-1)/h)/(-1)*(44 + 1512) a composite number?
False
Suppose -109104 = -10*t + 11*t. Is ((-3)/6)/(12/t) a composite number?
True
Let h(j) = -j**3 + 11*j**2 + 8*j + 26. Let o be h(12). Is (-4271)/(-3) + o/33 a prime number?
True
Let q = -7855 - -9542. Is q prime?
False
Suppose 3*x + 3*b = 87324, 3*x - 30302 = 4*b + 57064. Is x prime?
False
Let g be 2/(-12) + (-8563)/(-6) + 4. Let r = 5500 - 3440. Let l = r - g. Is l prime?
False
Suppose -3*p - 5*f + 76873 = 0, -78*p + 77*p + 25613 = -4*f. Is p a prime number?
True
Suppose -v - 3*i = -12, 5*v - 17 = -5*i + 33. Suppose 1874 = p - 4*c, -5*p - v*c + 8*c = -9475. Is p prime?
False
Let o = 119 - 82. Suppose 405 = 5*f + 5*l, -194 = -3*f + l + o. Suppose n - 7*a + 2*a = 39, -4*a = 2*n - f. Is n a prime number?
False
Let w(x) = -50*x**3 - 3*x - 2. Let q be w(-1). Suppose 0 = 9*c - q + 15. Suppose 5*n = -b + c*b + 305, -2*n + 4*b + 136 = 0. Is n composite?
True
Is (-69)/2*(5/(-15))/((-3)/(-599538)) prime?
False
Let b(g) = -g**3 + 14*g**2 + g - 11. Let s be b(14). Suppose 308 = t + s*n, 4*n + 113 = -2*t + 719. Is t prime?
True
Suppose -7151572 = 392*g - 442*g - 1841222. Is g a prime number?
True
Let a = 176367 + 36460. Is a a prime number?
True
Let b(w) = 168*w**3 + 9*w**2 + 28*w - 122. Is b(7) a prime number?
False
Let y = -302 + 593. Let u = -402 - y. Is -5*(4 + u/15 + 4) a prime number?
True
Suppose -21*k - 1393490 = -74*k + 167148. Is k prime?
False
Let c(k) = -40*k**3 + 6*k**2 + 15*k + 5. Let p = -151 - -149. Is c(p) a prime number?
False
Let c(m) = 12*m + 6. Let d be c(2). Suppose l = -28 + d. Is (0 + (-1)/5)/(l/(-370)) a prime number?
True
Let b(m) = -m**2 - 9*m - 18. Let v be b(-5). Suppose -v*h + 7016 = 6*h. Is h/6*(5 - -1) composite?
False
Let k(r) = r + 1. Let t(h) = -92*h - 60. Let d(w) = -138*w - 90. Let x(a) = -5*d(a) + 7*t(a). Let i(p) = -5*k(p) - x(p). Is i(-26) a composite number?
False
Is (328/1804)/((-4)/11)*-573171*2 prime?
False
Let a(x) = -x**2 + 182*x + 29431. Is a(0) a composite number?
True
Let c be (-46)/(-184) - (-25)/(-4). Is (-3)/(18/c) + 18052/1 a prime number?
False
Suppose 33*q = 39*q - 527946. Is q a prime number?
True
Let z(f) = -31*f**2 + 2*f - 16. Let b be z(6). Let q = b + 1773. Is q a prime number?
True
Let i(o) = 116463*o - 3229. Is i(2) prime?
False
Let v(j) = -14*j + 6. Let n be v(0). Is 2 + -2 - 3/n*-1438 a prime number?
True
Let i = -264101 + 544641. Suppose 3*u = -2*y + 140266, 33*u = -4*y + 29*u + i. Is y prime?
True
Let x(r) = 2*r**3 + 138*r**2 + 104*r + 387. Is x(-55) a composite number?
False
Let z(l) = -2*l**2 - 48*l + 19. Suppose 35*k - 48 = 37*k. Is z(k) composite?
False
Let t = 224 + -151. Let f = -82 + t. Is (-1 - -1) + f + 1694 prime?
False
Suppose 12 = 5*u - 18. Let t be (u - (-156)/(-6))/(2/(-5)). Suppose 35*g - 30*g - t = 0. Is g a prime number?
False
Let q(n) = 630*n**2 - 1246*n + 39. Is q(23) a composite number?
False
Let o be (2 - (5 + -9)) + 11. Suppose -12443 = -o*x + 4676. Is x prime?
False
Let m(a) = a**3 - 3*a**2 + a + 2. Let z be m(2). Let o be ((-368)/(-1))/2 - (1 - z). Is o/(1*(4 + -3)) a composite number?
True
Let i(u) = -2*u + 44. Let h(f) = -2*f + 1. Let r(v) = -12*h(v) + i(v). Let c(x) = 45*x + 64. Let l(s) = 3*c(s) - 7*r(s). Is l(-10) a composite number?
True
Suppose 15338 - 3948 = 10*w. Let h = 3054 - w. Is h composite?
True
Let j be (-3)/(18/(-4))*(-126)/(-12). Let p(l) = 51*l**3 - 8*l**2 + 18*l - 8. Is p(j) a prime number?
False
Let w = 516 - -830. Suppose -406 = -6*y + w. Suppose 0 = -s + 3*r + 302, -r = -4*s + 3*s + y. Is s prime?
False
Suppose 1422 = 16*n + 142. Suppose -4532 = n*m - 102*m. Is m prime?
False
Let x be (-735)/(-98)*(-10)/(-3). Suppose 3003 = -x*p + 80728. Is p a composite number?
False
Suppose -36 = 16*t - 22*t. Is 18/(1 + 1)*1174/t composite?
True
Let h be -1*((-2)/8 + 27/(-4)). Suppose -h*f - f = -99568. Suppose -3*n = -17*n + f.